{"id":4709,"date":"2023-09-18T16:33:50","date_gmt":"2023-09-18T15:33:50","guid":{"rendered":"http:\/\/www.djk-wenighoesbach.de\/?page_id=4709"},"modified":"2024-05-07T07:28:40","modified_gmt":"2024-05-07T06:28:40","slug":"der-mittwuchsclub","status":"publish","type":"page","link":"https:\/\/www.djk-wenighoesbach.de\/?page_id=4709","title":{"rendered":"Der Mittwuchsclub"},"content":{"rendered":"<p>Vorsicht und Aufgepasst! Wer denkt der Mittwuchsclub ist nun Mittwochs, liegt hier falsch.<br \/>\nDenn von Oktober bis Ende April trifft man sich in diesem Club dienstags Abends von 18 Uhr bis 19 Uhr zur Skigymnastik. Anschlie\u00dfend verweilt man gerne zusammen im gem\u00fctlichen Vereinsheim. Im Sommer hingegen wird f\u00fcr ca. 1 Stunde und 15 Minuten geradelt. Treffpunkt hierf\u00fcr ist die Milchk\u00fcche um 18 Uhr und zwar \u201eMITTWUCHS\u201c*. Der Einkehrschwung ist jedes mal ein Anderer.<\/p>\n<p>Interessierte sind immer gern gesehen und k\u00f6nnen einfach dazusto\u00dfen.<\/p>\n<p>*Achtung \u00c4nderung: Im Jahr 2024 auch im Sommer dienstags!!<\/p>\n","protected":false},"excerpt":{"rendered":"<p>Vorsicht und Aufgepasst! Wer denkt der Mittwuchsclub ist nun Mittwochs, liegt hier falsch. Denn von Oktober bis Ende April trifft man sich in diesem Club dienstags Abends von 18 Uhr bis 19 Uhr zur Skigymnastik. Anschlie\u00dfend verweilt man gerne zusammen im gem\u00fctlichen Vereinsheim. Im Sommer hingegen wird f\u00fcr ca. 1 Stunde und 15 Minuten geradelt. [&hellip;]<\/p>\n","protected":false},"author":1,"featured_media":0,"parent":4808,"menu_order":0,"comment_status":"closed","ping_status":"closed","template":"","meta":{"jetpack_post_was_ever_published":false,"footnotes":""},"jetpack_sharing_enabled":true,"jetpack_shortlink":"https:\/\/wp.me\/P6OzWC-1dX","jetpack-related-posts":[],"jetpack_likes_enabled":true,"_links":{"self":[{"href":"https:\/\/www.djk-wenighoesbach.de\/index.php?rest_route=\/wp\/v2\/pages\/4709"}],"collection":[{"href":"https:\/\/www.djk-wenighoesbach.de\/index.php?rest_route=\/wp\/v2\/pages"}],"about":[{"href":"https:\/\/www.djk-wenighoesbach.de\/index.php?rest_route=\/wp\/v2\/types\/page"}],"author":[{"embeddable":true,"href":"https:\/\/www.djk-wenighoesbach.de\/index.php?rest_route=\/wp\/v2\/users\/1"}],"replies":[{"embeddable":true,"href":"https:\/\/www.djk-wenighoesbach.de\/index.php?rest_route=%2Fwp%2Fv2%2Fcomments&post=4709"}],"version-history":[{"count":3,"href":"https:\/\/www.djk-wenighoesbach.de\/index.php?rest_route=\/wp\/v2\/pages\/4709\/revisions"}],"predecessor-version":[{"id":5103,"href":"https:\/\/www.djk-wenighoesbach.de\/index.php?rest_route=\/wp\/v2\/pages\/4709\/revisions\/5103"}],"up":[{"embeddable":true,"href":"https:\/\/www.djk-wenighoesbach.de\/index.php?rest_route=\/wp\/v2\/pages\/4808"}],"wp:attachment":[{"href":"https:\/\/www.djk-wenighoesbach.de\/index.php?rest_route=%2Fwp%2Fv2%2Fmedia&parent=4709"}],"curies":[{"name":"wp","href":"https:\/\/api.w.org\/{rel}","templated":true}]}}