{"id":2698,"date":"2014-05-21T07:04:52","date_gmt":"2014-05-21T06:04:52","guid":{"rendered":"http:\/\/www.djk-wenighoesbach.de\/?page_id=2698"},"modified":"2018-05-14T13:22:09","modified_gmt":"2018-05-14T12:22:09","slug":"hosbacher-jubilaumslauf","status":"publish","type":"page","link":"https:\/\/www.djk-wenighoesbach.de\/?page_id=2698","title":{"rendered":"H\u00f6sbacher Jubil\u00e4umslauf"},"content":{"rendered":"<p><!--FBGallery2 644110679016814 --><!-- ID 644110679016814 Last fetched on 05\/14\/2018 12:22:09 v2.5--><br \/>\nFrom <a href=\"https:\/\/www.facebook.com\/album.php?fbid=644110679016814&amp;id=117852474975973&amp;aid=1073741833\">H\u00f6sbacher Jubil\u00e4umslauf<\/a>. Posted by <a href=\"http:\/\/www.facebook.com\/profile.php?id=117852474975973\">DJK-Wenigh\u00f6sbach<\/a> on 5\/21\/2014 (7 items)<\/p>\n<div class='gallery fpf-gallery'>\n<dl class='gallery-item' style=\"width:24.875%\">\n<dt class='gallery-icon'><a rel=\"https:\/\/www.facebook.com\/album.php?fbid=644110679016814&amp;id=117852474975973&amp;aid=1073741833\" class=\"fbPhoto\" href=\"https:\/\/scontent.xx.fbcdn.net\/v\/t1.0-9\/10409572_644110685683480_4428919418343967544_n.jpg?_nc_cat=0&amp;oh=2cf66b36c2ceb6b7e38cadd5668d6fe4&amp;oe=5B8EF758\"><img decoding=\"async\" src=\"https:\/\/scontent.xx.fbcdn.net\/v\/t1.0-0\/s130x130\/10409572_644110685683480_4428919418343967544_n.jpg?_nc_cat=0&amp;oh=02383b66f473132b4e9a1e51b94c60ad&amp;oe=5B8848C5\" alt=\"\" \/><\/a><\/dt>\n<dd class='gallery-caption'><\/dd>\n<\/dl>\n<dl class='gallery-item' style=\"width:24.875%\">\n<dt class='gallery-icon'><a rel=\"https:\/\/www.facebook.com\/album.php?fbid=644110679016814&amp;id=117852474975973&amp;aid=1073741833\" class=\"fbPhoto\" href=\"https:\/\/scontent.xx.fbcdn.net\/v\/t31.0-8\/s720x720\/10317817_644110722350143_4617451091769167420_o.jpg?_nc_cat=0&amp;oh=99fe32c8e9b66f6fc285154fd9b028cf&amp;oe=5B5279D9\"><img decoding=\"async\" src=\"https:\/\/scontent.xx.fbcdn.net\/v\/t1.0-0\/s130x130\/10341601_644110722350143_4617451091769167420_n.jpg?_nc_cat=0&amp;oh=4ea2d2033205a52fe802f51e8831dec1&amp;oe=5B987971\" alt=\"\" \/><\/a><\/dt>\n<dd class='gallery-caption'><\/dd>\n<\/dl>\n<dl class='gallery-item' style=\"width:24.875%\">\n<dt class='gallery-icon'><a rel=\"https:\/\/www.facebook.com\/album.php?fbid=644110679016814&amp;id=117852474975973&amp;aid=1073741833\" class=\"fbPhoto\" href=\"https:\/\/scontent.xx.fbcdn.net\/v\/t31.0-8\/s720x720\/10329938_644110725683476_5104508372752898674_o.jpg?_nc_cat=0&amp;oh=8ebe224f8be0ae6eb091f80d71d04a4b&amp;oe=5B50A01A\"><img decoding=\"async\" src=\"https:\/\/scontent.xx.fbcdn.net\/v\/t1.0-0\/s130x130\/10173738_644110725683476_5104508372752898674_n.jpg?_nc_cat=0&amp;oh=078a9c3578493ebab44fc2886c77938f&amp;oe=5B881624\" alt=\"\" \/><\/a><\/dt>\n<dd class='gallery-caption'><\/dd>\n<\/dl>\n<dl class='gallery-item' style=\"width:24.875%\">\n<dt class='gallery-icon'><a rel=\"https:\/\/www.facebook.com\/album.php?fbid=644110679016814&amp;id=117852474975973&amp;aid=1073741833\" class=\"fbPhoto\" href=\"https:\/\/scontent.xx.fbcdn.net\/v\/t31.0-8\/s720x720\/906557_644110779016804_7682800942448158634_o.jpg?_nc_cat=0&amp;oh=8352a0550bbae1ec44ba3f1ab749a48a&amp;oe=5B96B677\"><img decoding=\"async\" src=\"https:\/\/scontent.xx.fbcdn.net\/v\/t1.0-0\/s130x130\/10371748_644110779016804_7682800942448158634_n.jpg?_nc_cat=0&amp;oh=e6fa49912cc2f9067addc64d33601f2f&amp;oe=5B921057\" alt=\"\" \/><\/a><\/dt>\n<dd class='gallery-caption'><\/dd>\n<\/dl>\n<p><br style=\"clear: both\" \/><\/p>\n<dl class='gallery-item' style=\"width:24.875%\">\n<dt class='gallery-icon'><a rel=\"https:\/\/www.facebook.com\/album.php?fbid=644110679016814&amp;id=117852474975973&amp;aid=1073741833\" class=\"fbPhoto\" href=\"https:\/\/scontent.xx.fbcdn.net\/v\/t31.0-0\/p180x540\/905840_644110825683466_251344815884832990_o.jpg?_nc_cat=0&amp;oh=a4a4264777c1391e4870c000c3f6101b&amp;oe=5B99785A\"><img decoding=\"async\" src=\"https:\/\/scontent.xx.fbcdn.net\/v\/t1.0-0\/s130x130\/10380976_644110825683466_251344815884832990_n.jpg?_nc_cat=0&amp;oh=1d866a560073dc41caa52b7dbfd57cb9&amp;oe=5B89477D\" alt=\"\" \/><\/a><\/dt>\n<dd class='gallery-caption'><\/dd>\n<\/dl>\n<dl class='gallery-item' style=\"width:24.875%\">\n<dt class='gallery-icon'><a rel=\"https:\/\/www.facebook.com\/album.php?fbid=644110679016814&amp;id=117852474975973&amp;aid=1073741833\" class=\"fbPhoto\" href=\"https:\/\/scontent.xx.fbcdn.net\/v\/t31.0-8\/s720x720\/10386943_644110822350133_1324549751257893218_o.jpg?_nc_cat=0&amp;oh=e6bbc068c18bb35205eb5b86f31413ea&amp;oe=5B842238\"><img decoding=\"async\" src=\"https:\/\/scontent.xx.fbcdn.net\/v\/t1.0-0\/p118x90\/10314499_644110822350133_1324549751257893218_n.jpg?_nc_cat=0&amp;oh=5a08a29e6f07372b99a139c3e71e7708&amp;oe=5B4EC15B\" alt=\"\" \/><\/a><\/dt>\n<dd class='gallery-caption'><\/dd>\n<\/dl>\n<dl class='gallery-item' style=\"width:24.875%\">\n<dt class='gallery-icon'><a rel=\"https:\/\/www.facebook.com\/album.php?fbid=644110679016814&amp;id=117852474975973&amp;aid=1073741833\" class=\"fbPhoto\" href=\"https:\/\/scontent.xx.fbcdn.net\/v\/t31.0-8\/s720x720\/10258303_644110872350128_4919064034020125690_o.jpg?_nc_cat=0&amp;oh=a70cbb953d55e959b5896845949d5815&amp;oe=5B544C93\"><img decoding=\"async\" src=\"https:\/\/scontent.xx.fbcdn.net\/v\/t1.0-0\/p100x100\/10174974_644110872350128_4919064034020125690_n.jpg?_nc_cat=0&amp;oh=a1c3831ae87ee11cf6624d21e72832a1&amp;oe=5B7EC221\" alt=\"\" \/><\/a><\/dt>\n<dd class='gallery-caption'><\/dd>\n<\/dl>\n<p><br style=\"clear: both\" \/><\/p>\n<\/div>\n<p><span class=\"fpfcredit\">Generated by <i>Facebook Photo Fetcher 2<\/i><\/span><br \/>\n<script type=\"text\/javascript\">\n\t\tjQuery(document).ready(function() {\n\t\t\tjQuery(\"a[rel*='644110679016814']\").fancybox({\n\t\t\t\t\"transitionIn\"\t: \"elastic\",\n\t\t\t\t\"transitionOut\"\t: \"elastic\",\n\t\t\t\t\"titlePosition\" : \"inside\",\n\t\t\t\t\"titleFormat\"\t: function(title, currentArray, currentIndex, currentOpts)\n\t\t\t\t{\n\t\t\t\t\treturn \"<span id='fancybox-title-over' style='background-image:none; text-align:left;'>\" + (title.length ? title : \"\") + \"<\/span>\";\n\t\t\t\t}\n\t\t\t});\n\t\t});\n<\/script><br \/>\n<!-- End Album 644110679016814 --><br \/>\n<!--\/FBGallery2--><\/p>\n","protected":false},"excerpt":{"rendered":"<p>From H\u00f6sbacher Jubil\u00e4umslauf. Posted by DJK-Wenigh\u00f6sbach on 5\/21\/2014 (7 items) Generated by Facebook Photo Fetcher 2<\/p>\n","protected":false},"author":1,"featured_media":0,"parent":1836,"menu_order":0,"comment_status":"open","ping_status":"open","template":"","meta":{"jetpack_post_was_ever_published":false,"footnotes":""},"jetpack_sharing_enabled":true,"jetpack_shortlink":"https:\/\/wp.me\/P6OzWC-Hw","jetpack-related-posts":[],"jetpack_likes_enabled":true,"_links":{"self":[{"href":"https:\/\/www.djk-wenighoesbach.de\/index.php?rest_route=\/wp\/v2\/pages\/2698"}],"collection":[{"href":"https:\/\/www.djk-wenighoesbach.de\/index.php?rest_route=\/wp\/v2\/pages"}],"about":[{"href":"https:\/\/www.djk-wenighoesbach.de\/index.php?rest_route=\/wp\/v2\/types\/page"}],"author":[{"embeddable":true,"href":"https:\/\/www.djk-wenighoesbach.de\/index.php?rest_route=\/wp\/v2\/users\/1"}],"replies":[{"embeddable":true,"href":"https:\/\/www.djk-wenighoesbach.de\/index.php?rest_route=%2Fwp%2Fv2%2Fcomments&post=2698"}],"version-history":[{"count":11,"href":"https:\/\/www.djk-wenighoesbach.de\/index.php?rest_route=\/wp\/v2\/pages\/2698\/revisions"}],"predecessor-version":[{"id":4188,"href":"https:\/\/www.djk-wenighoesbach.de\/index.php?rest_route=\/wp\/v2\/pages\/2698\/revisions\/4188"}],"up":[{"embeddable":true,"href":"https:\/\/www.djk-wenighoesbach.de\/index.php?rest_route=\/wp\/v2\/pages\/1836"}],"wp:attachment":[{"href":"https:\/\/www.djk-wenighoesbach.de\/index.php?rest_route=%2Fwp%2Fv2%2Fmedia&parent=2698"}],"curies":[{"name":"wp","href":"https:\/\/api.w.org\/{rel}","templated":true}]}}